- 11)*10910/(-4)?
1
Suppose -29*x + 44174 = -3*x. What is the tens digit of x?
9
Let n = 389 + -103. What is the units digit of n?
6
Suppose 0 = 13*d - 14*d. Suppose -k - 29 + 52 = d. What is the tens digit of k?
2
Suppose 74 = i - 458. Suppose 2*x + 156 = i. What is the hundreds digit of x?
1
What is the thousands digit of 2183 + 20/10 + 4/(-2)?
2
Let c(d) = -193*d - 183. What is the hundreds digit of c(-9)?
5
What is the units digit of (-14 + 3)*(3/1 + -4)?
1
Suppose 20*u = 60*u - 47760. What is the thousands digit of u?
1
Let q = 24 - 21. Suppose 2 = -v + q*v + 2*u, -4*v - u - 8 = 0. What is the tens digit of (39 - 0) + (-1 - v)?
4
Let g(w) be the third derivative of w**6/120 + w**5/10 - w**4/12 - 3*w**3/2 + 22*w**2. What is the tens digit of g(-4)?
3
Suppose -4 = 2*s - 2. Let l(c) = c**2 + c + 1. Let i(d) = 32*d**3 - 4*d**2 - 3*d - 2. Let p(n) = -i(n) - 4*l(n). What is the units digit of p(s)?
1
Let s be (-12)/(-8)*4/3. Suppose -163 = s*f + 7. Let i = f + 120. What is the tens digit of i?
3
Let z = 67 + -94. Let f = 42 + z. What is the units digit of 534/f + (-4)/(-10)?
6
Let p = -18 + 48. What is the units digit of 2/(-2) - (1 + p)*-2?
1
Let v(w) = w**3 + 12*w**2 + 6. Let j be v(-12). What is the units digit of 50/j + 28/42?
9
Let f be (-16)/32*(-9 + -1). Suppose -j = -s - 28, 107 = 4*j + 5*s - 10*s. Let a = j - f. What is the tens digit of a?
2
Suppose 25 = o + 15. Let a(d) = d**3 - 7*d**2 - 14*d - 4. What is the hundreds digit of a(o)?
1
Let u(k) = 54*k. Let s(v) = v**2 - 2*v - 2. Let f be s(3). Let q be u(f). Suppose -3*b = -b - q. What is the tens digit of b?
2
Let p be ((-8)/(-6))/(8/492). Suppose 9*x - 7*x = p. Let h = x - 23. What is the tens digit of h?
1
Let o(s) be the second derivative of -s**3/6 + 7*s**2/2 + 3*s. Let g be o(11). What is the units digit of ((-30)/g)/(3/4)?
0
Let c(m) = 13*m + 9. Let i be c(3). Suppose 7*j - 3*r = 2*j + i, -40 = -3*j - r. What is the units digit of j?
2
Suppose 37*y = 40*y - 21. Let c be ((-62)/6)/((-3)/18). Let a = y + c. What is the tens digit of a?
6
Let q(f) = -f**3 - f**2 + f + 1. Let o(i) = 7*i**3 + 14*i**2 - 23*i - 5. Let d(m) = -o(m) - 6*q(m). What is the units digit of d(-10)?
9
Suppose -5*t + 9 = -2*t. Suppose -h - t + 12 = -2*u, -2*h - u = -3. What is the units digit of h?
3
Suppose 276*i = 264*i + 15132. What is the thousands digit of i?
1
Suppose -4*q - g - 19 - 83 = 0, g + 24 = -q. Let x = q - -29. Let d(r) = r**3 - 2*r**2 + 3*r + 4. What is the units digit of d(x)?
2
Suppose 0 = 4*w + w - u + 35, -20 = 4*u. Let t(k) = -k**2 + 10*k - 18. Let o be t(7). What is the tens digit of (243/(-18))/(o/w)?
3
Let p(o) = -5*o - 13. Let b be (3/(-9) - 1)*3. Let d be (-120)/16*b/(-5). What is the units digit of p(d)?
7
Suppose -d - 24 = d + k, d = 2*k - 22. Let n(b) = -b**3 - 14*b**2 - 7*b - 15. What is the units digit of n(d)?
3
Suppose 0 = d + 2 - 5. Suppose 5*i = -2*q, -4*q - d*i - i = -12. Suppose -q*j + 39 + 51 = 0. What is the units digit of j?
8
Let u = -21 + 52. Let m = u + -56. What is the units digit of 3/5 + (-10)/m?
1
What is the units digit of (-8)/((-10)/(-5))*-166?
4
Let h = 111 + -115. Let c(g) = g - 1. Let i be c(3). What is the tens digit of (-7)/(i*1/h)?
1
Suppose -u = -3*p + 148, 0 = 2*u + u - 6. Suppose 4*m - p = -m. What is the units digit of 15/m*(3 - 1)?
3
Suppose -2*n + 1094 = -3*t, 22*n = 19*n - 2*t + 1667. What is the tens digit of n?
5
Suppose 1 - 7 = 2*t. Let q(u) = 2*u + 8. Let o be q(t). Suppose 3*y - o*f - 2*f = 88, 3*y - 113 = -f. What is the units digit of y?
6
Suppose -2*y + 6*y - 16 = 0. Suppose -4*m = 5*b - 253, -y*b = -m - 2*m + 213. What is the tens digit of m?
6
Let r = -25 + 65. Suppose -r = -5*l + l. Suppose m + 0 - l = 0. What is the tens digit of m?
1
Let k(j) = 32*j - 6. Let d be k(4). What is the tens digit of (0 + 2/(-1))*d/(-4)?
6
Let a be 4/(1/23*-2). Suppose 85 = -5*k - 355. Let m = a - k. What is the tens digit of m?
4
Let y(g) = g + 9. Let q be y(-7). Suppose -q*n - 2*n = 36. Let u = 59 + n. What is the tens digit of u?
5
What is the units digit of -4 + 2 + (-20)/(-1)?
8
Let s(w) = 57*w**2 - 4*w - 21. What is the tens digit of s(-3)?
0
Suppose -2*i = -12*i + 210. Suppose 0 = i*h - 7*h - 2450. What is the units digit of h?
5
Let s(m) = 8*m + 17. Let t be s(-7). Let p(i) = i**2 + 19*i + 5. Let j be p(-9). Let h = t - j. What is the tens digit of h?
4
What is the units digit of (-1352)/(-1)*(-1 + (-9)/(-6))?
6
Let c(i) = -i - 12. Let b be c(-6). Let q(o) = o**2 - 26. What is the tens digit of q(b)?
1
Suppose 0 = 4*f + h - 5727, 2*h = -51*f + 52*f - 1434. What is the hundreds digit of f?
4
Let g = -32 - -35. Suppose g*x + 0*x + o = 241, 0 = -4*o + 16. What is the units digit of x?
9
Suppose -4*q + 2*q + 682 = 0. Let p = -55 + q. What is the tens digit of p?
8
Suppose -4*g - 4*t - 18 = -5*g, -5*t + 54 = 3*g. Let h(v) = v + 22. What is the units digit of h(g)?
0
Let i(u) = 30*u**3 + 3*u**2 - 7*u + 5. What is the tens digit of i(1)?
3
Let u be (-480)/(-9)*24/5. Suppose -p - p = -u. What is the hundreds digit of p?
1
Suppose -10*g = -18*g + 1152. Let u be ((-8)/(-14))/(2/7). Suppose g = 6*v - u*v. What is the tens digit of v?
3
Let y(j) = -j + 2. Let w(c) = c - 2. Let x(a) = -5*w(a) - 4*y(a). Let k be x(0). Suppose 6*q - 84 = k*q. What is the units digit of q?
1
Let l(j) = j**2 - 16*j - 28. What is the tens digit of l(21)?
7
Let j(v) = 2*v - 10. Let l be j(17). Let a be (2/2)/((-1)/(-42)). What is the units digit of a/4*l/18?
4
Let n = 75 + 6. What is the units digit of (n - 1)/(-2)*(-10 - -2)?
0
Let c(i) = 792*i**2 + 8*i + 5. What is the units digit of c(-1)?
9
Suppose 8*w - 3764 = 5076. What is the tens digit of w?
0
Let i(f) = f**2 + 9*f + 15. Suppose 0 = -2*h + 4*r - 4, 4*r + 9 = 4*h + 29. What is the units digit of i(h)?
7
Suppose -5*o = 5*u + 105, -5*u + 100 + 45 = -5*o. Let h be (1 - 8)*216/63. Let s = h - o. What is the units digit of s?
1
Let p be (-6)/24 - 21/(-4). Suppose 0 = 2*q - p*m - 168, -4*q = -0*m - m - 336. Let c = -43 + q. What is the units digit of c?
1
Let d be (-3 - 9)*(-1)/3. Suppose -3*l + 2*k = -l - 20, -d*l - 3*k = -40. What is the units digit of l?
0
Let u(s) = 8*s**2 + s. Let k be u(-1). Let p(t) be the third derivative of t**5/60 - 5*t**4/24 - 2*t**3 - 35*t**2 - 3*t. What is the units digit of p(k)?
2
Suppose -2*p - 908 = -2*o, -3*o - 5*p = -0*o - 1346. What is the tens digit of o?
5
Suppose -2328 - 6717 = -5*w. What is the units digit of w?
9
Let o(l) = -l**2 - 6*l - 3. Let u be o(-4). Suppose -5*t = -y + 121, -t - 509 = -u*y - 0*y. What is the units digit of y?
1
Let l(a) = -a - 1. Let u be l(-6). Let c = -121 - -125. Suppose 20 = -u*m, -3*j + 71 = -0*j + c*m. What is the tens digit of j?
2
Let w(r) = -r**3 - 16*r**2 + 4*r + 18. Let f be w(-16). Let t = 26 + f. What is the units digit of (30/t)/((-6)/56)?
4
Let k(r) = 45*r**2 - r - 2. What is the thousands digit of k(6)?
1
Let h = 470 - -678. What is the hundreds digit of h?
1
Suppose -v - 2*v = -1395. Let i = v + -307. What is the units digit of i?
8
Let o(y) = -4*y + 11 - 14 + 63 + 44. What is the tens digit of o(0)?
0
Suppose -5*k = -8*k + 522. Suppose v = -4*x + 52, 0 = 3*v + 2*x + x - k. What is the tens digit of v?
6
Let y(l) = -l**2 - 9*l + 18. Let b be y(-9). Suppose 13*q + 445 = b*q. What is the tens digit of q?
8
Let g be (51/(-6))/(2/(-72)). Let u be (5/(-3))/(2/(-6)). Suppose g = u*v + v. What is the units digit of v?
1
Suppose 3*j = 13 - 16. What is the units digit of (-81)/18*2/j?
9
Let r = 4 + 0. Suppose -r*j + 2*j + 82 = 0. Suppose 9*g - 10*g = -j. What is the tens digit of g?
4
Suppose 3*t - 1 = -4. Let r be 3 - -2 - (t - -1). Suppose 0 = -r*c - 79 + 219. What is the tens digit of c?
2
Suppose 18725 = 28*w + 3353. What is the units digit of w?
9
Let z(f) = -f + 4. Let k(d) = -d**2 + 4. Let j be k(3). Let n be z(j). What is the units digit of 14/63 - (-115)/n?
3
What is the tens digit of 4 + (-513)/(-6) + (-1)/(-2)?
9
Let r(p) = p**2 - 49. Let c be r(0). Let k = 92 + -20. Let z = k + c. What is the units digit of z?
3
Let j be 1/(3 + (-24)/9). Let m be 2/(2/(-15)*j). What is the units digit of (-6)/15 + (-32)/m?
6
Let w = 6 + -2. Let o = 0 + w. Suppose 4*s + 14 = 5*x, 15 = x + o*x - 5*s. What is the units digit of x?
2
Suppose -5*j = -2*y - 1394 + 62